{"id":106,"date":"2014-01-30T04:03:53","date_gmt":"2014-01-30T03:03:53","guid":{"rendered":"http:\/\/oderaner.de\/usc\/?page_id=106"},"modified":"2025-02-26T10:35:38","modified_gmt":"2025-02-26T09:35:38","slug":"bogensport","status":"publish","type":"page","link":"https:\/\/usc-bogensport-ffo.de\/?page_id=106","title":{"rendered":"Bogensport"},"content":{"rendered":"<p><!--:de--><\/p>\n<h2 style=\"text-align: center;\"><span style=\"color: #333399;\"><strong> Lust auf Bogenschie\u00dfen?<\/strong><\/span><\/h2>\n<p>&nbsp;<\/p>\n<p style=\"text-align: justify;\">Eine olympische Disziplin, die gar nicht so viel mit Kraft zu tun hat, wie es vielleicht scheint, aber sehr viel mit Konzentration im Zusammenspiel mit ruhiger K\u00f6rperbeherrschung.<\/p>\n<p style=\"text-align: justify;\" align=\"center\">In der heutigen so hektischen Zeit, mit meistens sitzender T\u00e4tigkeit (B\u00fcroarbeit), sucht man eine Sportart, die dem ganzen K\u00f6rper zugute kommt.<\/p>\n<p style=\"text-align: justify;\" align=\"center\">Beim Bogenschie\u00dfen werden Muskulatur, B\u00e4nder, Sehnen, Wirbels\u00e4ule und Gelenke sowie Atmung, Geist und Seele in Einklang gebracht.<\/p>\n<p style=\"text-align: justify;\" align=\"center\">Kinder, Jugendliche, Erwachsene, Senioren und Behinderte begeistern sich gleicherma\u00dfen an dieser Sportart. Es kommt nicht selten vor, dass bei Turnieren ganze Familien gemeinsam an der Schie\u00dflinie stehen und ihrem Hobby fr\u00f6nen.<\/p>\n<p>&nbsp;<\/p>\n<table style=\"width: 278px; height: 111px;\" border=\"0\" align=\"center\">\n<tbody>\n<tr>\n<td><iframe loading=\"lazy\" src=\"\/\/www.youtube.com\/embed\/-EsCpatBI4U\" width=\"560\" height=\"315\" frameborder=\"0\" allowfullscreen=\"allowfullscreen\"><\/iframe><\/td>\n<\/tr>\n<\/tbody>\n<\/table>\n<p align=\"center\">\u00a0<object width=\"425\" height=\"344\" classid=\"clsid:d27cdb6e-ae6d-11cf-96b8-444553540000\" codebase=\"http:\/\/download.macromedia.com\/pub\/shockwave\/cabs\/flash\/swflash.cab#version=6,0,40,0\"><param name=\"allowFullScreen\" value=\"true\" \/><param name=\"allowscriptaccess\" value=\"always\" \/><param name=\"src\" value=\"http:\/\/www.youtube.com\/v\/OVDkwoufzow?hl=de&amp;fs=1\" \/><param name=\"allowfullscreen\" value=\"true\" \/><embed width=\"425\" height=\"344\" type=\"application\/x-shockwave-flash\" src=\"http:\/\/www.youtube.com\/v\/OVDkwoufzow?hl=de&amp;fs=1\" allowfullscreen=\"allowfullscreen\" allowscriptaccess=\"always\" allowfullscreen=\"allowfullscreen\" \/><\/object><\/p>\n<p style=\"text-align: justify;\" align=\"center\"><!--:--><!--:en--><\/p>\n<p>&nbsp;<\/p>\n<p align=\"center\">\u00a0<\/p>\n<p style=\"text-align: justify;\" align=\"center\"><!--:--><\/p>\n","protected":false},"excerpt":{"rendered":"<\/p>\n<p> <strong> Lust auf Bogenschie\u00dfen?<\/strong> <\/p>\n<p>&nbsp;<\/p>\n<p style=\"text-align: justify;\">Eine olympische Disziplin, die gar nicht so viel mit Kraft zu tun hat, wie es vielleicht scheint, aber sehr viel mit Konzentration im Zusammenspiel mit ruhiger K\u00f6rperbeherrschung.<\/p>\n<p style=\"text-align: justify;\" align=\"center\">In der heutigen so hektischen Zeit, mit meistens sitzender T\u00e4tigkeit (B\u00fcroarbeit), sucht man eine Sportart, die dem &hellip; <\/p>\n<p><a class=\"more-link btn\" href=\"https:\/\/usc-bogensport-ffo.de\/?page_id=106\">Weiterlesen<\/a><\/p>\n","protected":false},"author":1,"featured_media":0,"parent":0,"menu_order":0,"comment_status":"closed","ping_status":"closed","template":"","meta":{"_mc_calendar":[],"footnotes":""},"class_list":["post-106","page","type-page","status-publish","hentry","nodate","item-wrap"],"_links":{"self":[{"href":"https:\/\/usc-bogensport-ffo.de\/index.php?rest_route=\/wp\/v2\/pages\/106","targetHints":{"allow":["GET"]}}],"collection":[{"href":"https:\/\/usc-bogensport-ffo.de\/index.php?rest_route=\/wp\/v2\/pages"}],"about":[{"href":"https:\/\/usc-bogensport-ffo.de\/index.php?rest_route=\/wp\/v2\/types\/page"}],"author":[{"embeddable":true,"href":"https:\/\/usc-bogensport-ffo.de\/index.php?rest_route=\/wp\/v2\/users\/1"}],"replies":[{"embeddable":true,"href":"https:\/\/usc-bogensport-ffo.de\/index.php?rest_route=%2Fwp%2Fv2%2Fcomments&post=106"}],"version-history":[{"count":86,"href":"https:\/\/usc-bogensport-ffo.de\/index.php?rest_route=\/wp\/v2\/pages\/106\/revisions"}],"predecessor-version":[{"id":3021,"href":"https:\/\/usc-bogensport-ffo.de\/index.php?rest_route=\/wp\/v2\/pages\/106\/revisions\/3021"}],"wp:attachment":[{"href":"https:\/\/usc-bogensport-ffo.de\/index.php?rest_route=%2Fwp%2Fv2%2Fmedia&parent=106"}],"curies":[{"name":"wp","href":"https:\/\/api.w.org\/{rel}","templated":true}]}}